8
Suppose r - 8 = -2*p, 11 = 5*p - 5*r - 39. Let v(y) = -3*y**3 + 6*y**2 + 4*y**3 - 2*y + y**3 - 3*y**3 - 1. Give v(p).
-13
Let y(r) = r**3 + 2*r**2. Let d(c) = 13*c**3 - 25*c**2 - 31*c + 96. Let a(q) = 3*q**3 - 6*q**2 - 8*q + 24. Let o(j) = 9*a(j) - 2*d(j). Let i be o(5). Give y(i).
1
Let u(w) = -10*w + 1. Let i(d) = -22*d - 4. Let o be i(0). Determine u(o).
41
Let w = -713 + 710. Let i(h) = 2*h**2 - 3*h + 2. What is i(w)?
29
Let j(l) = 5*l - 10. Let y(q) = q + 6*q - 6*q. Let v(w) = -j(w) + 3*y(w). Calculate v(7).
-4
Let l(v) = -2*v**3 - v**2 - 1. Suppose 0 = -0*a - 2*a - n + 49, 2*n + 63 = 3*a. Suppose 0 = -4*c + 5*h - a, 4*c - 2*h + 12 = c. Calculate l(c).
11
Let g be ((7 - 1)/(-6))/((-1)/(-8)). Let w(i) = -i**2 - 10*i - 12. Give w(g).
4
Let y(i) = -3*i - i + 3*i. Let h(j) = j**3 + 11*j**2 - j - 8. Let p be h(-11). Suppose p*t = -o, 4*t + 4*o + 7 = -t. Give y(t).
-1
Let u(x) = 5*x + 5. Let g be 7/(-42) + ((-142)/12 - 1). Let o(r) = 11*r + 10. Let p(w) = g*u(w) + 6*o(w). Calculate p(-4).
-9
Let f = 75/58 - 23/29. Let d(u) be the second derivative of f*u**2 - 7*u + 0 - 1/6*u**3. Determine d(6).
-5
Let o(d) = -d**3 - 14*d**2 + 14*d - 10. Let q(z) = 10*z - 175. Let n be q(16). Determine o(n).
5
Let a(o) = -o**2 - 10*o - 12. Let r be a(-9). Let m be 6 - ((-1)/(-3) + r/9). Let z(n) = -2*n**2 + 7*n + 7. Give z(m).
-23
Let c(t) be the third derivative of -t**4/6 + 6*t**2. Let g(m) = 4*m. Let a(d) = 4*c(d) + 6*g(d). Give a(-1).
-8
Let u(i) = 16*i**2 + 5*i - 13. Let c(r) = 9*r**2 + 3*r - 6. Let h(d) = 7*c(d) - 4*u(d). What is h(-4)?
-10
Let v(m) = -m**3 + 2*m**2 + 4*m. Let p = -1476 + 1479. Give v(p).
3
Let w be (-1)/(-2) + 1/2. Let s = w + 2. Let m(i) = 2*i**2 + 2*i + i + 3 - s. Determine m(-3).
9
Let m(z) = -218*z**2 - 1 + 217*z**2 + z - 12*z. Calculate m(-12).
-13
Suppose 0 = 4*f - 27 + 51. Let g(n) = 5*n + 2. What is g(f)?
-28
Let o(w) = -w**3 + 4*w**2 + 7*w - 3. Suppose -184*l - 15 = -187*l. Calculate o(l).
7
Suppose -2*h - 9 = -27. Let y(u) be the first derivative of u**3/3 - 5*u**2 + 3*u + 17. Give y(h).
-6
Let i(k) = 4*k**3 - 2*k**2 - 3*k + 16. Let l(n) = 3*n**3 - 3*n**2 - 3*n + 14. Let y(v) = 4*i(v) - 5*l(v). Determine y(-5).
29
Let p = -80 - -67. Let z(m) = m**2 + 11*m - 27. Determine z(p).
-1
Let h be (14/(-21) + -1)*-3. Let p(z) = -z**3 + 7*z**2 - 4*z - 1. Determine p(h).
29
Let r be (-1)/2*-2*1. Suppose 7 = -x + r. Let p(t) = t + 2. Let s(f) = -7*f - 23. Let a(o) = -6*p(o) - s(o). Give a(x).
5
Suppose -3*p - 3 = 2*s - 5, -2*p = 2*s. Let i(g) = g**2 + 9*g - 5. Let j be i(-9). Let f = j + p. Let m(h) = -3*h**2 - 5*h - 2. Give m(f).
-14
Suppose -11*h + 51 = -103. Let k = -24 + 16. Let m = k + h. Let i(n) = -n**2 + 5*n - 2. Calculate i(m).
-8
Let l(f) = -6*f**3 + 6*f**2 + 3*f - 6. Let n(a) = 5*a**3 - 6*a**2 - 4*a + 5. Let g(t) = 4*l(t) + 5*n(t). Calculate g(7).
-6
Let w(q) = -6*q**2 + 3*q + 3. Let z(d) = -25*d**2 + 13*d + 13. Let k(n) = -9*w(n) + 2*z(n). What is k(-2)?
17
Let c(r) be the third derivative of -r**4/12 - 2*r**3/3 + 8*r**2 - 4. Suppose 0*m - 4*m = -4*s + 16, -2*s = -3*m - 13. Let x be m*(-18)/15 + -3. Determine c(x).
-10
Suppose -2*t = -5*n - 3*t + 1092, -5*n - 3*t = -1096. Let k = n - 120. Let d be (-420)/k - (-4)/14. Let o(b) = -b + 4. Calculate o(d).
8
Let v(q) be the first derivative of -q**4/4 + 14*q**3/3 - 13*q**2/2 - 4*q - 390. Give v(13).
-4
Let v(b) = -b - b**3 - 6 + 8*b - 11 + 2*b**3 + 21. Let r(o) = -o**2 + o. Let y be ((-4 - -1) + -1)/(-1). Let q(s) = y*r(s) - v(s). Determine q(-4).
8
Let y(j) = -j**2 - 96 + 97 + j + 0*j - 3*j**2 + j**3. Let p(a) = 2*a**2 - a - 2. Let g be p(2). Let s be y(g). Let f(z) = 2*z**2 - 6*z - 1. Calculate f(s).
19
Let b(s) = 14*s - 28*s + 7*s**3 + 2 - 7*s**3 + 13*s + s**3 - 6*s**2. Calculate b(6).
-4
Let h(s) = s**3 - 8*s**2 + 4*s + 10. Let k = 249 - 242. What is h(k)?
-11
Let s(q) = -q + 1. Let l be (-4)/6*(-150)/20. Let d(m) = 5 + 6*m - 15 + l. Let t(c) = -d(c) - 4*s(c). Calculate t(-3).
7
Let x(v) = -v**2 + 3*v - 6 + 12 + v - 3. What is x(5)?
-2
Let r = 8 - 6. Let z = r - -2. Let m(u) = u**2 - z*u + 1 - 2*u + 0*u. What is m(6)?
1
Let v(t) = -8 + t**2 - 2*t**2 - 6*t + 3. Let z be v(-5). Suppose 15 = 5*b - 5*x, -3*x + 8*x = z. Let s(r) = r. Determine s(b).
3
Let q(t) = -t**2 + 3 + 8*t**2 + 0*t**3 - t**3 - 6*t - 1. Let j(c) = 7*c**2 - 5*c + 4. Let w be j(1). What is q(w)?
2
Let n(v) = -v**3 - 4*v**2 - v + 1. Let o be n(-3). Let m(t) = 0 - 2 + 4 + 1 - t. What is m(o)?
8
Let j(v) = -5*v**2 + 3*v - 1. Let x(n) = 6*n**2 - 4*n. Let f(u) = -5*j(u) - 4*x(u). Let q be 744/(-180) - (235/(-75) + 3). Give f(q).
17
Let r(l) = 43*l**3 + 2*l**2 - 8*l. Let t(m) = -5*m**3 + m. Let d(c) = -2*r(c) - 17*t(c). Determine d(-4).
4
Suppose 217*q - 181*q + 288 = 0. Let p(l) = -l**2 - 11*l + 2. Determine p(q).
26
Let u(n) = -n**2 - 4*n + 6. Let d(a) = 2*a - 15. Let o be d(11). Suppose 15 = o*x - 10*x. Give u(x).
1
Suppose 4*n + 5*v + 19 = -26, -5*v - 25 = 0. Let m(r) = r - 1. What is m(n)?
-6
Let k(q) be the third derivative of 0*q - 1/60*q**5 - 7/24*q**4 + 0 + 16*q**2 + 7/6*q**3. What is k(-7)?
7
Let n(z) be the first derivative of -z**2 - 8*z - 296. What is n(-7)?
6
Let o(d) = -d**2 - 2*d - 1. Let q(j) = -j**3 + 3*j**2 - j - 3. Let b be q(0). Determine o(b).
-4
Let b = 2 + -5. Suppose 8*x - 4*x = -5*g + 415, 2*g + 5*x = 183. Let s(z) = -82 - z**2 - z + g - z. Calculate s(b).
-6
Let b be (4 + 3)*30/21 - 3. Let q(l) = 8*l + 5*l - b - 20*l + 8*l. Calculate q(5).
-2
Let r(b) be the second derivative of b**5/20 + 11*b**4/12 + 5*b**3/3 - b**2/2 + 12*b. Let q be r(-10). Let k(f) = -9*f**2 + f + 1. Calculate k(q).
-9
Let s(r) = -3*r**2 + r - r**3 + 4 + r + r. Let o be (10 - 11)*(8 + -5). What is s(o)?
-5
Let k be 100/15*(-3)/(-2). Let x(j) = 5*j**2 - k*j**3 + 7*j**3 - 2 + 4*j**3. What is x(-4)?
14
Let q be 25*(((-396)/55)/12)/(-3). Let z(y) = -2*y - 7. Let x(s) = 2*s + 6. Suppose 3*a - 2*a = 3. Let w(r) = a*z(r) + 4*x(r). Determine w(q).
13
Let h(n) = -6*n**3 + 2*n**2 + n - 54. Let z(b) = -5*b**3 + b**2 + b - 53. Let o(a) = 6*h(a) - 7*z(a). Let x be o(6). Let f(y) = -2*y + 6. What is f(x)?
-4
Let c be -3*(3/4)/(6/(-24)). Let j(n) = 5*n + 0*n - c + 4 - 4*n. Determine j(0).
-5
Let m(i) = 3*i**2 + 22*i + 40. Let g be m(-4). Let z(u) be the first derivative of 0*u**2 + 1 + 0*u**3 + 1/4*u**4 + 0*u. What is z(g)?
0
Let w(z) = z + 6. Let p = 293 - 282. Calculate w(p).
17
Let v = 8 + -12. Let o(y) = 12*y + 47. Give o(v).
-1
Let v(g) = g**2 + 5*g - 6. Let y be (3/6)/(2/(-32)). Let z = -14 - y. What is v(z)?
0
Let t = -16 + 13. Let s(k) be the first derivative of k**2/2 + 2*k + 3. Calculate s(t).
-1
Let g(x) = -35*x**3 + 2*x**2 - 5*x - 6. Let k(d) = 32*d**3 - 2*d**2 + 4*d + 5. Let l(h) = -4*g(h) - 5*k(h). Calculate l(-1).
21
Let a(q) = -q + 16 + 0*q + 11*q. Let v(x) = 3*x + 5. Let t(s) = -5*a(s) + 16*v(s). Suppose -5 = -41*u + 36. What is t(u)?
-2
Let s(r) = 19*r**2 - 4*r - 14. Let g(f) = 12*f**2 - 3*f - 9. Let w(k) = 8*g(k) - 5*s(k). What is w(3)?
-5
Let a(x) = 11*x + 9. Let u(z) = -31*z - 27. Let q(k) = -17*a(k) - 6*u(k). Give q(8).
1
Suppose -78*n + 82*n - 180 = 0. Let u be ((-6)/5)/((-18)/n). Let z(g) = 6*g. Determine z(u).
18
Let j(a) = -a**2 - a - 3. Let h be j(0). Let d(l) be the third derivative of -11*l**2 + 0 + 1/60*l**5 + 0*l - 2/3*l**3 + 1/6*l**4. What is d(h)?
-7
Let b(f) = -f - 3. Let w be b(-4). Let h(o) = -8 + w + 2 - 2*o. Give h(-4).
3
Let h(u) be the third derivative of u**4/12 + 7*u**3/6 - 18*u**2. What is h(-4)?
-1
Let g(i) be the first derivative of i**4/12 + 7*i**3/6 + i**2 - 30*i + 7. Let x(n) be the first derivative of g(n). What is x(-5)?
-8
Suppose 5*z + 4*f - 74 = -0*f, -f = 3*z - 43. Let v(o) = o**2 - 14*o - 2. Give v(z).
-2
Let u(v) = 2*v**3 - v**2 - 2*v - 1. Let b(w) = -w + 8. Let i be b(3). Suppose 0*g - i*d - 23 = 3*g, 0 = -5*g + 5*d + 15. Determine u(g).
-2
Let f(l) = -20*l + 109. Let u be f(5). Let c(h) = -h**3 + 9*h**2 + 4*h + 7. Give c(u).
43
Let x(m) be the second derivative of -m**7/840 - m**6/180 + m**5/30 + m**4/24 - m**3 - 38*m. Let b(j) be the second derivative of x(j). What is b(-3)?
-2
Let b(w) = w**3 + w**2 - w + 1. Let d(q) = -3*q**3 + 5*q**2 - q - 8. Suppose -2*u - u + 6 = -5*p, 4*u + p - 8 = 0. Let r(v) = u*b(v) + d(v). Give r(6).
12
Let s = 1508 - 1513. Let v(c) = c**3 + 6*c**2